ided by 55.
42
Calculate the remainder when 31259 is divided by 474.
449
What is the remainder when 17761 is divided by 3394?
791
Calculate the remainder when 8340 is divided by 1391.
1385
What is the remainder when 126458 is divided by 9?
8
What is the remainder when 3500 is divided by 691?
45
Calculate the remainder when 9396 is divided by 4694.
8
Calculate the remainder when 156924 is divided by 1113.
1104
What is the remainder when 36604 is divided by 9142?
36
What is the remainder when 839 is divided by 87?
56
Calculate the remainder when 15461 is divided by 1073.
439
Calculate the remainder when 4980 is divided by 2476.
28
What is the remainder when 5635 is divided by 92?
23
What is the remainder when 38378 is divided by 1126?
94
Calculate the remainder when 9113 is divided by 21.
20
What is the remainder when 5468577 is divided by 533?
530
Calculate the remainder when 13600 is divided by 915.
790
What is the remainder when 103237 is divided by 164?
81
What is the remainder when 16578 is divided by 1693?
1341
Calculate the remainder when 376 is divided by 304.
72
Calculate the remainder when 32415 is divided by 364.
19
Calculate the remainder when 1346 is divided by 332.
18
What is the remainder when 32220 is divided by 3575?
45
Calculate the remainder when 815 is divided by 296.
223
What is the remainder when 7383 is divided by 2?
1
What is the remainder when 6491 is divided by 43?
41
Calculate the remainder when 111499 is divided by 439.
432
Calculate the remainder when 174734 is divided by 131.
111
Calculate the remainder when 11892 is divided by 1726.
1536
What is the remainder when 11373 is divided by 339?
186
Calculate the remainder when 74929 is divided by 44.
41
What is the remainder when 26968 is divided by 2990?
58
What is the remainder when 2034 is divided by 678?
0
What is the remainder when 105720 is divided by 118?
110
What is the remainder when 2216 is divided by 59?
33
Calculate the remainder when 8318 is divided by 1113.
527
Calculate the remainder when 9912 is divided by 170.
52
Calculate the remainder when 897620 is divided by 819.
815
Calculate the remainder when 23571 is divided by 40.
11
Calculate the remainder when 16358 is divided by 167.
159
What is the remainder when 6063 is divided by 299?
83
Calculate the remainder when 2008 is divided by 135.
118
What is the remainder when 442233 is divided by 147402?
27
Calculate the remainder when 233902 is divided by 116900.
102
Calculate the remainder when 227360 is divided by 715.
705
Calculate the remainder when 9378 is divided by 35.
33
What is the remainder when 77366 is divided by 17?
16
Calculate the remainder when 216307 is divided by 1236.
7
What is the remainder when 2864 is divided by 261?
254
Calculate the remainder when 365 is divided by 215.
150
What is the remainder when 1890 is divided by 219?
138
What is the remainder when 538876 is divided by 17?
10
What is the remainder when 17826 is divided by 162?
6
Calculate the remainder when 1628 is divided by 12.
8
Calculate the remainder when 2382 is divided by 2193.
189
Calculate the remainder when 1336243 is divided by 11.
7
What is the remainder when 936595 is divided by 34?
31
Calculate the remainder when 41474 is divided by 186.
182
What is the remainder when 3138 is divided by 137?
124
What is the remainder when 317019 is divided by 317014?
5
What is the remainder when 111966 is divided by 129?
123
Calculate the remainder when 1024 is divided by 475.
74
What is the remainder when 55142 is divided by 205?
202
What is the remainder when 2217 is divided by 882?
453
What is the remainder when 19109 is divided by 27?
20
Calculate the remainder when 365711 is divided by 40630.
41
Calculate the remainder when 8028 is divided by 229.
13
What is the remainder when 34567 is divided by 42?
1
Calculate the remainder when 203191 is divided by 211.
209
What is the remainder when 19027 is divided by 62?
55
Calculate the remainder when 5029 is divided by 1246.
45
Calculate the remainder when 131654 is divided by 65822.
10
What is the remainder when 15546 is divided by 3884?
10
Calculate the remainder when 13050 is divided by 435.
0
What is the remainder when 4026 is divided by 1339?
9
Calculate the remainder when 2476 is divided by 819.
19
Calculate the remainder when 956584 is divided by 98.
6
Calculate the remainder when 3044 is divided by 178.
18
Calculate the remainder when 191 is divided by 47.
3
Calculate the remainder when 7012 is divided by 272.
212
What is the remainder when 26309 is divided by 83?
81
What is the remainder when 2383 is divided by 606?
565
What is the remainder when 50392 is divided by 901?
837
What is the remainder when 5210 is divided by 48?
26
Calculate the remainder when 298159 is divided by 86.
83
Calculate the remainder when 3638 is divided by 419.
286
Calculate the remainder when 111534 is divided by 5573.
74
What is the remainder when 21855 is divided by 1558?
43
What is the remainder when 19618 is divided by 10?
8
What is the remainder when 5250 is divided by 115?
75
Calculate the remainder when 7233 is divided by 81.
24
What is the remainder when 29339 is divided by 520?
219
Calculate the remainder when 7593 is divided by 1265.
3
What is the remainder when 2901 is divided by 759?
624
What is the remainder when 6433118 is divided by 620?
618
What is the remainder when 2438 is divided by 484?
18
What is the remainder when 112365 is divided by 20?
5
What is the remainder when 60259 is divided by 655?
654
What is the remainder when 5331 is divided by 2651?
29
Calculate the remainder when 796 is divided by 193.
24
Calculate the remainder when 42311 is divided by 2.
1
Calculate the remainder when 2569379 is divided by 916.
915
What is the remainder when 23315 is divided by 897?
890
Calculate the remainder when 11803 is divided by 3931.
10
Calculate the remainder when 303 is divided by 34.
31
What is the remainder when 28647 is divided by 562?
547
Calculate the remainder when 1940 is divided by 217.
204
Calculate the remainder when 1033 is divided by 130.
123
What is the remainder when 125294 is divided by 2784?
14
Calculate the remainder when 794771 is divided by 297.
296
What is the remainder when 392783 is divided by 1176?
1175
What is the remainder when 3288093 is divided by 504?
501
Calculate the remainder when 55233 is divided by 4.
1
Calculate the remainder when 145102 is divided by 24.
22
What is the remainder when 612764 is divided by 306380?
4
Calculate the remainder when 18928 is divided by 51.
7
Calculate the remainder when 34209 is divided by 337.
172
Calculate the remainder when 2710 is divided by 623.
218
What is the remainder when 2530 is divided by 212?
198
What is the remainder when 3518 is divided by 3505?
13
What is the remainder when 597037 is divided by 143?
12
Calculate the remainder when 300722 is divided by 115.
112
What is the remainder when 65797 is divided by 167?
166
Calculate the remainder when 34421 is divided by 16.
5
Calculate the remainder when 933 is divided by 9.
6
What is the remainder when 27150 is divided by 240?
30
What is the remainder when 3682 is divided by 770?
602
What is the remainder when 3287 is divided by 12?
11
Calculate the remainder when 1030 is divided by 317.
79
Calculate the remainder when 134815 is divided by 352.
351
Calculate the remainder when 5665 is divided by 2821.
23
What is the remainder when 49108 is divided by 6?
4
Calculate the remainder when 275649 is divided by 36.
33
What is the remainder when 74440 is divided by 199?
14
What is the remainder when 29358 is divided by 2265?
2178
What is the remainder when 7016 is divided by 126?
86
Calculate the remainder when 37479 is divided by 181.
12
What is the remainder when 5485 is divided by 29?
4
What is the remainder when 189 is divided by 6?
3
What is the remainder when 23239 is divided by 381?
379
Calculate the remainder when 7065884 is divided by 5.
4
What is the remainder when 1265 is divided by 135?
50
Calculate the remainder when 1689 is divided by 78.
51
Calculate the remainder when 1224 is divided by 180.
144
What is the remainder when 562783 is divided by 14?
11
Calculate the remainder when 3496 is divided by 293.
273
What is the remainder when 1161 is divided by 500?
161